rime factors of ((-2)/p)/((-3)/18)?
2
Let n(x) = x**2 + 3*x + 3. Let z be n(3). Let y be 384/z + 6/(-21). Suppose y = b + 2*b. List the prime factors of b.
2, 3
Let y(l) = -211*l**3 + 2*l**2 + 5*l + 4. What are the prime factors of y(-1)?
2, 53
Suppose 32 = 4*x - 5*o, -5*x + o + 0*o + 19 = 0. Let h be (-1)/(-2)*-2 - x. What are the prime factors of (-68)/(-18) - h/18?
2
Let q(w) = 10*w + 10. Let x be q(5). What are the prime factors of ((-106)/(-6))/(20/x)?
53
Suppose 0 = 4*z + 4*c + 8, -2*z + 7 = -6*z - 3*c. What are the prime factors of 2 - -1 - z*2?
5
Suppose 5*g = 8*g - 27. What are the prime factors of g?
3
Let v = -8 - 8. Let t be ((-2)/(-4))/(2/v). What are the prime factors of (-42)/(-5) + t/10?
2
Let r be 2 + (3 - 3)*1. Let z be (r - 3) + 5*-1. List the prime factors of (-16)/z*12/4.
2
Let w(j) = -6 + 0*j + 3 + 0 - 8*j. What are the prime factors of w(-2)?
13
Suppose 0*q = 2*q - 4. Let b be (-10)/(q/(-1) - 0). What are the prime factors of (6/b)/((-8)/(-20))?
3
Let x be ((-3)/3 - 2) + 35. Suppose -x - 31 = -3*q. What are the prime factors of q?
3, 7
Let w(d) = -11*d**3 + d. Let x be w(-1). Suppose -4*s + 2 + x = 0. What are the prime factors of s?
3
Suppose 0 = 15*b - 1021 + 166. List the prime factors of b.
3, 19
Let l(j) = 2*j**2 - j + 8. List the prime factors of l(6).
2, 37
Let z(n) = 4*n + 16. Let g(w) = -w. Let s(v) = -3*g(v) - z(v). Let p be s(-8). Let u = 1 - p. What are the prime factors of u?
3
Suppose 4*o = w + 6, 6*o = 4*o. Let h = w - -24. List the prime factors of h.
2, 3
Suppose -4*k - 19 = -3*v, v - 13 = k + 2*k. Suppose 18 = 2*f + 5*m, -2*f - 2*m - 2 = -8. What are the prime factors of (v/f - -2) + 5?
2, 3
List the prime factors of (8 - 3)*3/5 - -173.
2, 11
Suppose 52 = 5*v - 2*v + g, -84 = -5*v - g. List the prime factors of v.
2
Let b = 28 + -13. List the prime factors of b.
3, 5
Suppose -4*d + 14*d = 810. What are the prime factors of d?
3
List the prime factors of 4/18 - (-912)/27.
2, 17
Suppose 181 = 3*a - 35. List the prime factors of a.
2, 3
Let g = 35 - 52. Let a = -10 - g. What are the prime factors of 1 + 7 + (9 - a)?
2, 5
Let p(z) = z + 11. Let f be p(-8). Suppose v = -b + 6, b - 6*b = -f*v - 14. Suppose t + 10 = v*t. List the prime factors of t.
2, 5
Let u be (-3)/((-1)/((-82)/(-6))). Let i = u - -10. List the prime factors of i.
3, 17
Let k(a) = -2*a + 5. Let p be k(4). Let w(d) = -2*d**2 - 2*d - 3. Let o be w(p). List the prime factors of (-174)/o + 2/5.
2, 3
Suppose -i - 4*i + 25 = 0. Suppose 0 = p + 3, -i*t = -2*t - 3*p - 39. List the prime factors of t.
2, 5
Suppose -5*y - 4*c = -95, -52 = -2*y + 2*c + 4. List the prime factors of y.
23
Let a = 760 - 410. What are the prime factors of a?
2, 5, 7
Suppose 0 = -5*f - 2*w - 96, -2*f + 5*w = 22 - 1. Let a = 33 + f. List the prime factors of a.
3, 5
Let s = 0 + 4. Suppose -s*l + 48 = -l. What are the prime factors of l?
2
Let x be 1*((-18)/2)/(-3). Suppose 97 = 5*h - x. What are the prime factors of h?
2, 5
Suppose -w = -3*n + n - 100, -w + 92 = -4*n. List the prime factors of w.
2, 3
Let q(n) = -4*n**3 + 2*n**2. Let s(p) = -4*p**3 + p**2. Let a(m) = 2*q(m) - 3*s(m). Let j be a(1). Suppose -40 = -j*o - 0*o. What are the prime factors of o?
2
Let d(n) = 20*n**2 - 1. Suppose 6*r + 13 = r + 2*p, r + p = 3. What are the prime factors of d(r)?
19
Let b = 193 - 132. What are the prime factors of b?
61
Let h = -62 + 100. List the prime factors of h.
2, 19
Let y be -1 + 4 - (5 - 6). Suppose -s - 31 = -4*j + y*s, -4*s = -3*j + 22. What are the prime factors of j?
2, 7
Let o be 0 + -3 + 4 + 2. Suppose 0*t = o*t - 72. What are the prime factors of t?
2, 3
Let j(m) = m + 28. Let f be j(0). Let y = f + -44. Let p = y - -23. List the prime factors of p.
7
Suppose 3 = 2*v + 3*m + 7, 0 = -2*m. Suppose 0 = 2*q - 16 + 4. Let g = q + v. What are the prime factors of g?
2
Let f(g) = 12*g**2 + 3*g - 3. What are the prime factors of f(2)?
3, 17
Let t = -12 + 45. What are the prime factors of t?
3, 11
Suppose 0 = -5*j + 39 + 121. What are the prime factors of j?
2
Let g = -8 - -5. List the prime factors of g + 18 + 1 - 2.
2, 7
Let h = 7 - 4. Suppose -73 = -5*a - h. What are the prime factors of a?
2, 7
Let f(d) be the third derivative of 0*d - 7/6*d**3 + 0 - 2*d**2 + 1/60*d**5 - 1/6*d**4. List the prime factors of f(6).
5
Let f be 0*1*2/4. Let z = 3 - f. List the prime factors of z.
3
List the prime factors of (-3)/(-6) + (-95)/(-10).
2, 5
List the prime factors of (-5707)/(-65) + (-4)/5.
3, 29
Let d = -8 + -1. Let n = d - -19. List the prime factors of n.
2, 5
Let v be 6/((-3)/6*-4). Let l be -2*-2*v/(-4). What are the prime factors of 1 - 0 - (l - 3)?
7
Suppose -5*x = -2*i + 36 + 3, 0 = 3*i - x - 26. List the prime factors of i.
7
Suppose -4*a + 9 = -3. Suppose a*d - 83 + 14 = 0. Suppose -d = -y - 2. What are the prime factors of y?
3, 7
Suppose -4*d + 162 = -430. What are the prime factors of d?
2, 37
Suppose -4 = -3*u + 2. Suppose 26 = 4*j - 2*i, j + u*i - 8 = 3*i. List the prime factors of (2 - 1)*-1 + j.
2
Let y(d) = 4*d + 8. Let r(k) = -5*k - 9. Let o(t) = 3*r(t) + 4*y(t). Let l be o(-7). List the prime factors of 7 - (l/(-1) - 2).
7
Suppose -3*t + 15 = 0, 3*p + 95 = t - 0*t. Let k = 67 + p. List the prime factors of k.
37
Let c(z) be the second derivative of -z**5/20 + z**4/12 - z**3/6 + 9*z**2 + 4*z. List the prime factors of c(0).
2, 3
Suppose -4*h + r = -5*h, 0 = 5*h + 4*r - 2. Let x(p) = 3*p - 3*p**3 + 2*p**3 - h*p**2 + 2*p**3. What are the prime factors of x(2)?
2, 3
Suppose 0 = 4*i + 8, 4*i + i + 394 = 4*h. List the prime factors of h.
2, 3
Let x be 11/33 + 28/(-3). Let z = 11 + x. Suppose -b - 6 = -4*b + z*p, -4*p = -2*b + 4. List the prime factors of b.
2
Let k be (-30)/(-2) - -2 - -1. Suppose -2*o + 18 = 5*g, -g - o = 3*o - k. Suppose 1 = -g*h + 5. List the prime factors of h.
2
Let o be (-8)/(-28) + (-9)/7. What are the prime factors of (o/2)/((-2)/44)?
11
Let n be (1/(-3))/(2/(-18)). Suppose 0 = -n*h - 0*h + 51. Let i = h - 10. List the prime factors of i.
7
Suppose 2*z + 0*z - 20 = 0. Suppose -x - 4*l = -z, 3*x - 4*l - 12 = 18. Suppose -x = -3*t + 26. What are the prime factors of t?
2, 3
Let l(z) be the first derivative of z**2/2 - 5*z + 3. Suppose 22 + 6 = 4*x. What are the prime factors of l(x)?
2
Let m(t) = t - 38 - 2*t**2 + 5*t**2 + 38. List the prime factors of m(1).
2
Let q = 153 - 32. List the prime factors of q.
11
Let m(f) = -3*f - 9. Suppose -2*o - o - 28 = 2*n, -o = 2*n + 16. What are the prime factors of m(o)?
3
Suppose -x + 3*x = 0. Let r be (1/(-2))/((-7)/112). Suppose -u + r = -x*u. List the prime factors of u.
2
Let a = 21 + 35. List the prime factors of a.
2, 7
Let q(f) = f + 11. Let o(g) = g**2 + 5*g + 3. Let u be o(-6). List the prime factors of q(u).
2, 5
Suppose 0 = 3*s + 2*b - 47, s = 2*s + 3*b - 25. What are the prime factors of s?
13
Suppose 6 = x + 3*g, g = -4*x + 2*x + 7. Suppose 3*h = 5*z - 30, 0 = -4*z - z - x*h. Suppose -z*o + 2*o + 4 = 0. List the prime factors of o.
2
Let n = -12 - -27. List the prime factors of n.
3, 5
Let w(t) = -t + 8. What are the prime factors of w(0)?
2
Suppose 0 = 2*o - 10, -6*r + 3*o + 131 = -5*r. What are the prime factors of r?
2, 73
Let g(q) = 7*q**2 + 2*q. What are the prime factors of g(-4)?
2, 13
Let o = -44 + 99. What are the prime factors of o?
5, 11
Let z(o) be the second derivative of o**5/20 + 13*o**4/12 - 5*o**3/2 + 3*o**2 + 3*o. Let t = 7 + -21. What are the prime factors of z(t)?
2, 5
Let a be (-2)/3*60/(-8). Suppose a*h - 44 = 31. Let t = 23 - h. What are the prime factors of t?
2
Let f(m) = 11*m - 5. List the prime factors of f(17).
2, 7, 13
Let y(d) = -d**3 + 4*d**2 - d - 2. Let t be y(4). Let i = 9 + t. Suppose -r + i*r = 12. List the prime factors of r.
2, 3
Let l(m) = 25*m - 9. What are the prime factors of l(5)?
2, 29
Let i = -38 + 76. What are the prime factors of i?
2, 19
Let x = -329 - -487. List the prime factors of x.
2, 79
Let b(q) = -q**2 - 28*q + 24. What are the prime factors of b(-22)?
2, 3, 13
Suppose q = -5*p + 2, 2 + 6 = 5*p + 4*q. Suppose v = -p*v + 7. Suppose 2*z - 11 = v. What are the prime factors of z?
3
Suppose -y + 11 = 3. Let u = y + -4. Suppose -u*a + 40 = a. What are the prime factors of a?
2
Let h(b) = -5*b + 124. What are the prime factors of h(0)?
2, 31